alse
Is 12311432893 prime?
False
Is 3698812963 prime?
True
Is 67247006891 prime?
True
Is 6109994201 a prime number?
False
Is 9005953322 prime?
False
Is 477831617 composite?
False
Is 1322081017 a prime number?
True
Is 137170170329 composite?
True
Is 6645481279 prime?
False
Is 1604737963 a composite number?
True
Is 36755160171 prime?
False
Is 34806287303 prime?
True
Is 80115754151 prime?
True
Is 638346217 a prime number?
True
Is 187524013 a composite number?
False
Is 19001935289 a prime number?
True
Is 1023738871 composite?
True
Is 2084057687 composite?
False
Is 2038708757 a prime number?
True
Is 2209255427 a prime number?
True
Is 1371056597 a composite number?
False
Is 2712235633 prime?
False
Is 3299410661 prime?
False
Is 484275637 a composite number?
True
Is 122942777 composite?
False
Is 2861202037 prime?
True
Is 9522672823 prime?
True
Is 4591062793 prime?
True
Is 42934633591 a prime number?
True
Is 11644607603 composite?
False
Is 686283583 prime?
True
Is 1755767479 composite?
True
Is 8309362955 a prime number?
False
Is 8101326437 prime?
True
Is 206686267 prime?
False
Is 184837037677 a composite number?
False
Is 634425461 prime?
False
Is 114542420833 a prime number?
True
Is 853643177 prime?
False
Is 131188699 prime?
False
Is 934466069 prime?
True
Is 25646322703 a composite number?
False
Is 6792014413 prime?
False
Is 160598743 composite?
False
Is 435996581 a composite number?
True
Is 78209638741 composite?
True
Is 2708361169 composite?
False
Is 12355968409 prime?
True
Is 40018075639 a prime number?
True
Is 749007781 composite?
False
Is 10085393239 composite?
False
Is 104166761 composite?
False
Is 5857547009 a composite number?
False
Is 425996005 composite?
True
Is 1372067591 a prime number?
True
Is 1210098551 a composite number?
True
Is 38036639 composite?
True
Is 834963419 prime?
True
Is 162857565869 a composite number?
True
Is 9997566763 a prime number?
False
Is 924487357 prime?
True
Is 76603642811 a prime number?
True
Is 50507664539 prime?
False
Is 4154086801 a composite number?
False
Is 3638390993 a composite number?
False
Is 71046003751 composite?
True
Is 50934952547 prime?
True
Is 1978774685 prime?
False
Is 2900753573 composite?
False
Is 3636108149 a composite number?
True
Is 644298301 a prime number?
True
Is 614595469 composite?
False
Is 19434940871 prime?
False
Is 89115815689 a prime number?
True
Is 62741999 composite?
True
Is 1716830741 composite?
False
Is 9514719541 prime?
True
Is 6927559159 prime?
True
Is 339251447 prime?
True
Is 80063870521 prime?
True
Is 56466167 prime?
True
Is 463953331 a prime number?
True
Is 24652260903 prime?
False
Is 95266657909 prime?
True
Is 6453355687 a prime number?
True
Is 4192881679 composite?
True
Is 8718505571 composite?
False
Is 764801101 prime?
True
Is 3772499881 a composite number?
True
Is 682291309 a prime number?
False
Is 95815738747 a composite number?
False
Is 118663553791 a composite number?
True
Is 35447179667 a composite number?
False
Is 55094583617 prime?
False
Is 2162631209 prime?
False
Is 5292816787 prime?
False
Is 91923901 a composite number?
True
Is 506333473 composite?
False
Is 2169390359 a prime number?
False
Is 56668850759 a prime number?
False
Is 23528408723 composite?
False
Is 19478573671 prime?
True
Is 395619853 prime?
True
Is 1968482701 a prime number?
True
Is 353313347 a prime number?
True
Is 3098961849 a prime number?
False
Is 49583251 prime?
True
Is 5019787291 prime?
True
Is 27769809253 composite?
True
Is 44280762221 a composite number?
False
Is 997413913 prime?
True
Is 2313997277 prime?
False
Is 5530122119 a composite number?
True
Is 605616511 a prime number?
True
Is 25008543673 composite?
False
Is 23166580049 a composite number?
True
Is 11114838467 a composite number?
True
Is 48560214973 prime?
False
Is 533841377 a composite number?
False
Is 483176887 prime?
True
Is 555213899 prime?
True
Is 4168459123 a prime number?
False
Is 23967957539 a composite number?
False
Is 3943111931 composite?
True
Is 20031563 composite?
False
Is 5743400911 prime?
True
Is 1825958879 composite?
True
Is 6010697923 a composite number?
True
Is 77581421422 composite?
True
Is 74984387567 a prime number?
False
Is 49847903099 prime?
True
Is 816577087 a prime number?
False
Is 1391219551 prime?
False
Is 8312639249 composite?
True
Is 14782992369 composite?
True
Is 55631703131 composite?
False
Is 9551142203 a prime number?
True
Is 96793219 a prime number?
True
Is 259607321 a prime number?
True
Is 1970511799 composite?
False
Is 8878005631 prime?
False
Is 140991157 composite?
False
Is 1620500083 a composite number?
False
Is 152719453799 a prime number?
False
Is 87992618381 a composite number?
True
Is 2059029877 a composite number?
False
Is 1629715739 prime?
False
Is 191007497 a composite number?
True
Is 170352187 a composite number?
False
Is 219781817 composite?
False
Is 15917290387 composite?
True
Is 6515628397 prime?
True
Is 16333004873 a composite number?
False
Is 4504839991 a composite number?
True
Is 282241681 a prime number?
True
Is 110820785881 a composite number?
True
Is 20872624103 a prime number?
False
Is 4023080599 a composite number?
True
Is 3221830379 prime?
False
Is 2247043483 prime?
False
Is 8321188177 a prime number?
False
Is 341607841 a prime number?
True
Is 7934922497 a prime number?
False
Is 254240807449 a prime number?
True
Is 3030003697 a composite number?
True
Is 262391743 a prime number?
False
Is 896454057 a prime number?
False
Is 25613225357 prime?
False
Is 3459443711 a prime number?
True
Is 861416327 a prime number?
False
Is 435858347 a composite number?
True
Is 8234065577 a prime number?
False
Is 7820350319 prime?
False
Is 17676975209 composite?
False
Is 7365182863 composite?
True
Is 2498876113 a prime number?
True
Is 357979553 a prime number?
True
Is 485161823 a prime number?
True
Is 10703794939 a prime number?
False
Is 1043596657 prime?
False
Is 7642211189 a prime number?
True
Is 137569511 a composite number?
True
Is 3378123659 a prime number?
True
Is 6939408017 a composite number?
False
Is 30877981 a composite number?
False
Is 167685101 a composite number?
False
Is 1915789451 a composite number?
False
Is 5920983667 a prime number?
True
Is 10335957089 prime?
True
Is 34726919 a composite number?
True
Is 51094143757 a prime number?
True
Is 8079808481 a composite number?
True
Is 872820539 composite?
False
Is 5214284473 prime?
False
Is 487484719 prime?
True
Is 1050278441 a prime number?
True
Is 79283593119 prime?
False
Is 60737101 a composite number?
False
Is 78980053 a composite number?
False
Is 8664921599 composite?
True
Is 2457532871 composite?
True
Is 1673041949 prime?
True
Is 79018502369 a composite number?
True
Is 1650396653 prime?
True
Is 6981402011 a composite number?
False
Is 1414784113 composite?
True
Is 257844737 composite?
False
Is 22946862401 prime?
False
Is 3518559461 a composite number?
False
Is 2795625511 composite?
True
Is 177952667 composite?
False
Is 10295847767 a prime number?
True
Is 3561157619 composite?
False
Is 355664788777 composite?
False
Is 32968058083 prime?
True
Is 134720931223 prime?
False
Is 5673150827 prime?
False
Is 7858848247 prime?
False
Is 2004108877 a prime number?
True
Is 4880417459 a composite number?
False
Is 18702426521 prime?
False
Is 6373970159 a composite number?
True
Is 871944509 a composite number?
False
Is 712170727 a composite number?
True
Is 1009413469 prime?
False
Is 3702150269 composite?
False
Is 110645412697 prime?
True
Is 33746206231 composite?
True
Is 641553239 a composite number?
True
Is 4177506241 composite?
True
Is 79718242027 a composite number?
False
Is 1634068907 composite?
False
Is 5915649109 composite?
True
Is 487458401 composite?
False
Is 82651021 composite?
True
Is 2597701 a prime number?
True
Is 42675883279 composite?
True
Is 6576368207 composite?
True
Is 141101329 prime?
False
Is 7119304645 a composite number?
True
Is 6123609643 a composite number?
False
Is 3364863091 a prime number?
False
Is 22324163627 prime?
True
Is 889381858 composite?
True
Is 98191433 prime?
False
Is 3769416589 a composite number?
False
Is 52542123463 a prime number?
True
Is 602189069 prime?
True
Is 314864399 a prime number?
True
Is 50586619157 a prime number?
True
Is 2016111721 composite?
True
Is 25490286389 composite?
False
Is 2799788987 a prime